remainder when 6202 is divided by 107?
103
What is the remainder when 27606 is divided by 190?
56
What is the remainder when 11715 is divided by 11677?
38
What is the remainder when 3617349 is divided by 22?
21
What is the remainder when 513021 is divided by 610?
11
Calculate the remainder when 52610 is divided by 299.
285
Calculate the remainder when 4309 is divided by 4277.
32
Calculate the remainder when 201 is divided by 87.
27
Calculate the remainder when 19977 is divided by 357.
342
Calculate the remainder when 8573 is divided by 8500.
73
Calculate the remainder when 29858 is divided by 3723.
74
What is the remainder when 23460 is divided by 496?
148
Calculate the remainder when 40150 is divided by 14.
12
Calculate the remainder when 120255 is divided by 64.
63
Calculate the remainder when 16829 is divided by 324.
305
What is the remainder when 7546 is divided by 114?
22
Calculate the remainder when 6639 is divided by 2700.
1239
What is the remainder when 674049 is divided by 1812?
1797
What is the remainder when 10282 is divided by 21?
13
What is the remainder when 54751 is divided by 118?
117
Calculate the remainder when 157790 is divided by 5635.
10
What is the remainder when 3221 is divided by 1532?
157
Calculate the remainder when 135371 is divided by 436.
211
Calculate the remainder when 70481 is divided by 35236.
9
Calculate the remainder when 36253 is divided by 740.
733
Calculate the remainder when 25262 is divided by 243.
233
Calculate the remainder when 217354 is divided by 13584.
10
What is the remainder when 13760 is divided by 4582?
14
Calculate the remainder when 58031 is divided by 98.
15
What is the remainder when 62367 is divided by 31176?
15
What is the remainder when 6567 is divided by 60?
27
What is the remainder when 9247 is divided by 136?
135
Calculate the remainder when 5098 is divided by 1602.
292
Calculate the remainder when 320379 is divided by 153.
150
What is the remainder when 1047 is divided by 3?
0
Calculate the remainder when 192118 is divided by 38414.
48
What is the remainder when 167761 is divided by 1342?
11
What is the remainder when 12495 is divided by 2473?
130
What is the remainder when 356043 is divided by 356035?
8
What is the remainder when 3009 is divided by 1504?
1
Calculate the remainder when 19351 is divided by 31.
7
Calculate the remainder when 803626 is divided by 401809.
8
Calculate the remainder when 58956 is divided by 9813.
78
What is the remainder when 611606 is divided by 96?
86
What is the remainder when 668 is divided by 112?
108
What is the remainder when 403 is divided by 316?
87
Calculate the remainder when 700958 is divided by 16.
14
What is the remainder when 1577 is divided by 39?
17
Calculate the remainder when 408668 is divided by 84.
8
What is the remainder when 315178 is divided by 3581?
50
Calculate the remainder when 151154 is divided by 4580.
14
What is the remainder when 69591 is divided by 860?
791
Calculate the remainder when 22590 is divided by 26.
22
Calculate the remainder when 3714 is divided by 431.
266
What is the remainder when 4234 is divided by 394?
294
What is the remainder when 3070 is divided by 273?
67
Calculate the remainder when 33465 is divided by 1854.
93
Calculate the remainder when 60245 is divided by 78.
29
Calculate the remainder when 53145 is divided by 36.
9
What is the remainder when 5820 is divided by 415?
10
Calculate the remainder when 181981 is divided by 49.
44
Calculate the remainder when 7331 is divided by 78.
77
Calculate the remainder when 8282 is divided by 32.
26
Calculate the remainder when 1963 is divided by 393.
391
Calculate the remainder when 297502 is divided by 3914.
38
Calculate the remainder when 995280 is divided by 41.
5
What is the remainder when 178105 is divided by 73?
58
What is the remainder when 14775 is divided by 4841?
252
What is the remainder when 540220 is divided by 179?
177
What is the remainder when 19978 is divided by 370?
368
Calculate the remainder when 123115 is divided by 4735.
5
Calculate the remainder when 4522 is divided by 4502.
20
What is the remainder when 2548 is divided by 82?
6
What is the remainder when 16892 is divided by 7?
1
What is the remainder when 45878 is divided by 105?
98
What is the remainder when 1049 is divided by 1045?
4
Calculate the remainder when 33903 is divided by 13.
12
Calculate the remainder when 642 is divided by 196.
54
Calculate the remainder when 8151 is divided by 2281.
1308
What is the remainder when 12976 is divided by 552?
280
What is the remainder when 17924 is divided by 1052?
40
Calculate the remainder when 508471 is divided by 25.
21
Calculate the remainder when 49042 is divided by 12149.
446
Calculate the remainder when 220109 is divided by 44.
21
Calculate the remainder when 583594 is divided by 754.
752
Calculate the remainder when 3113 is divided by 844.
581
What is the remainder when 3056 is divided by 77?
53
Calculate the remainder when 36442 is divided by 9109.
6
What is the remainder when 4333 is divided by 139?
24
What is the remainder when 1615 is divided by 148?
135
Calculate the remainder when 914 is divided by 714.
200
What is the remainder when 258423 is divided by 293?
290
What is the remainder when 461 is divided by 135?
56
What is the remainder when 69632 is divided by 13926?
2
Calculate the remainder when 2088953 is divided by 522235.
13
What is the remainder when 392397 is divided by 16?
13
Calculate the remainder when 147047 is divided by 25.
22
Calculate the remainder when 78267 is divided by 10.
7
Calculate the remainder when 34796 is divided by 145.
141
What is the remainder when 7526 is divided by 301?
1
Calculate the remainder when 46411 is divided by 44.
35
Calculate the remainder when 37881 is divided by 611.
610
Calculate the remainder when 2384 is divided by 1007.
370
What is the remainder when 110207 is divided by 160?
127
What is the remainder when 6866 is divided by 9?
8
Calculate the remainder when 770340 is divided by 43.
38
What is the remainder when 3053 is divided by 427?
64
Calculate the remainder when 1055 is divided by 151.
149
Calculate the remainder when 11940 is divided by 163.
41
What is the remainder when 24113 is divided by 1610?
1573
Calculate the remainder when 31605 is divided by 375.
105
What is the remainder when 17154 is divided by 1562?
1534
What is the remainder when 72 is divided by 23?
3
Calculate the remainder when 2966 is divided by 148.
6
Calculate the remainder when 2041 is divided by 18.
7
Calculate the remainder when 1795 is divided by 39.
1
What is the remainder when 44833 is divided by 236?
229
Calculate the remainder when 210760 is divided by 242.
220
Calculate the remainder when 3071 is divided by 307.
1
Calculate the remainder when 1037 is divided by 46.
25
What is the remainder when 3750 is divided by 14?
12
What is the remainder when 38451 is divided by 129?
9
What is the remainder when 140738 is divided by 124?
122
What is the remainder when 246903 is divided by 92?
67
What is the remainder when 3954 is divided by 366?
294
Calculate the remainder when 160342 is divided by 136.
134
Calculate the remainder when 3411 is divided by 242.
23
Calculate the remainder when 5791 is divided by 482.
7
What is the remainder when 27527 is divided by 949?
6
What is the remainder when 5094 is divided by 28?
26
Calculate the remainder when 1058096 is divided by 75.
71
Calculate the remainder when 13776 is divided by 23.
22
Calculate the remainder when 2724 is divided by 2511.
213
What is the remainder when 7695 is divided by 1826?
391
Calculate the remainder when 870 is divided by 431.
8
What is the remainder when 20225 is divided by 20212?
13
What is the remainder when 3952 is divided by 180?
172
What is the remainder when 438311 is divided by 54?
47
Calculate the remainder when 12422 is divided by 19.
15
Calculate the remainder when 8771 is divided by 25.
21
Calculate the remainder when 34701 is divided by 11565.
6
What is the remainder when 8644 is divided by 2513?
1105
Calculate the remainder when 873 is divided by 853.
20
What is the remainder when 8560 is divided by 687?
316
Calculate the remainder when 7087 is divided by 3464.
159
What is the remainder when 3249 is divided by 3041?
208
What is